[INFO] cloning repository https://github.com/Isaac-Lozano/sa2_piece_gen
[INFO] running `Command { std: "git" "-c" "credential.helper=" "-c" "credential.helper=/workspace/cargo-home/bin/git-credential-null" "clone" "--bare" "https://github.com/Isaac-Lozano/sa2_piece_gen" "/workspace/cache/git-repos/https%3A%2F%2Fgithub.com%2FIsaac-Lozano%2Fsa2_piece_gen", kill_on_drop: false }`
[INFO] [stderr] Cloning into bare repository '/workspace/cache/git-repos/https%3A%2F%2Fgithub.com%2FIsaac-Lozano%2Fsa2_piece_gen'...
[INFO] running `Command { std: "git" "rev-parse" "HEAD", kill_on_drop: false }`
[INFO] [stdout] fd99d4cdd8b1f2e5d08072a962b8e686d8462153
[INFO] checking Isaac-Lozano/sa2_piece_gen against master#e6e4f7ed1589e03bc2f6c5931c1a72e7947e8682 for beta-170-4
[INFO] running `Command { std: "git" "clone" "/workspace/cache/git-repos/https%3A%2F%2Fgithub.com%2FIsaac-Lozano%2Fsa2_piece_gen" "/workspace/builds/worker-0-tc2/source", kill_on_drop: false }`
[INFO] [stderr] Cloning into '/workspace/builds/worker-0-tc2/source'...
[INFO] [stderr] done.
[INFO] validating manifest of git repo https://github.com/Isaac-Lozano/sa2_piece_gen on toolchain e6e4f7ed1589e03bc2f6c5931c1a72e7947e8682
[INFO] running `Command { std: CARGO_HOME="/workspace/cargo-home" RUSTUP_HOME="/workspace/rustup-home" "/workspace/cargo-home/bin/cargo" "+e6e4f7ed1589e03bc2f6c5931c1a72e7947e8682" "metadata" "--manifest-path" "Cargo.toml" "--no-deps", kill_on_drop: false }`
[INFO] started tweaking git repo https://github.com/Isaac-Lozano/sa2_piece_gen
[INFO] finished tweaking git repo https://github.com/Isaac-Lozano/sa2_piece_gen
[INFO] tweaked toml for git repo https://github.com/Isaac-Lozano/sa2_piece_gen written to /workspace/builds/worker-0-tc2/source/Cargo.toml
[INFO] crate git repo https://github.com/Isaac-Lozano/sa2_piece_gen already has a lockfile, it will not be regenerated
[INFO] running `Command { std: CARGO_HOME="/workspace/cargo-home" RUSTUP_HOME="/workspace/rustup-home" "/workspace/cargo-home/bin/cargo" "+e6e4f7ed1589e03bc2f6c5931c1a72e7947e8682" "fetch" "--manifest-path" "Cargo.toml", kill_on_drop: false }`
[INFO] running `Command { std: "docker" "create" "-v" "/var/lib/crater-agent-workspace/builds/worker-0-tc2/target:/opt/rustwide/target:rw,Z" "-v" "/var/lib/crater-agent-workspace/builds/worker-0-tc2/source:/opt/rustwide/workdir:ro,Z" "-v" "/var/lib/crater-agent-workspace/cargo-home:/opt/rustwide/cargo-home:ro,Z" "-v" "/var/lib/crater-agent-workspace/rustup-home:/opt/rustwide/rustup-home:ro,Z" "-e" "SOURCE_DIR=/opt/rustwide/workdir" "-e" "CARGO_TARGET_DIR=/opt/rustwide/target" "-e" "CARGO_HOME=/opt/rustwide/cargo-home" "-e" "RUSTUP_HOME=/opt/rustwide/rustup-home" "-w" "/opt/rustwide/workdir" "-m" "1610612736" "--user" "0:0" "--network" "none" "ghcr.io/rust-lang/crates-build-env/linux@sha256:19e73879b68f455e41552ea35293514db52ea292d993f571636dbffedb77a1ee" "/opt/rustwide/cargo-home/bin/cargo" "+e6e4f7ed1589e03bc2f6c5931c1a72e7947e8682" "metadata" "--no-deps" "--format-version=1", kill_on_drop: false }`
[INFO] [stdout] eccec8c035e87963c969725c73dd2383432642576171f4b41885bccc63f31dea
[INFO] running `Command { std: "docker" "start" "-a" "eccec8c035e87963c969725c73dd2383432642576171f4b41885bccc63f31dea", kill_on_drop: false }`
[INFO] running `Command { std: "docker" "inspect" "eccec8c035e87963c969725c73dd2383432642576171f4b41885bccc63f31dea", kill_on_drop: false }`
[INFO] running `Command { std: "docker" "rm" "-f" "eccec8c035e87963c969725c73dd2383432642576171f4b41885bccc63f31dea", kill_on_drop: false }`
[INFO] [stdout] eccec8c035e87963c969725c73dd2383432642576171f4b41885bccc63f31dea
[INFO] running `Command { std: "docker" "create" "-v" "/var/lib/crater-agent-workspace/builds/worker-0-tc2/target:/opt/rustwide/target:rw,Z" "-v" "/var/lib/crater-agent-workspace/builds/worker-0-tc2/source:/opt/rustwide/workdir:ro,Z" "-v" "/var/lib/crater-agent-workspace/cargo-home:/opt/rustwide/cargo-home:ro,Z" "-v" "/var/lib/crater-agent-workspace/rustup-home:/opt/rustwide/rustup-home:ro,Z" "-e" "SOURCE_DIR=/opt/rustwide/workdir" "-e" "CARGO_TARGET_DIR=/opt/rustwide/target" "-e" "CARGO_INCREMENTAL=0" "-e" "RUST_BACKTRACE=full" "-e" "RUSTFLAGS=--cap-lints=forbid" "-e" "RUSTDOCFLAGS=--cap-lints=forbid" "-e" "CARGO_HOME=/opt/rustwide/cargo-home" "-e" "RUSTUP_HOME=/opt/rustwide/rustup-home" "-w" "/opt/rustwide/workdir" "-m" "1610612736" "--user" "0:0" "--network" "none" "ghcr.io/rust-lang/crates-build-env/linux@sha256:19e73879b68f455e41552ea35293514db52ea292d993f571636dbffedb77a1ee" "/opt/rustwide/cargo-home/bin/cargo" "+e6e4f7ed1589e03bc2f6c5931c1a72e7947e8682" "check" "--frozen" "--all" "--all-targets" "--message-format=json", kill_on_drop: false }`
[INFO] [stdout] 8719914a81fca41785f63c7928d8c6caa5b2cf18492d33f8526760d06251e0b1
[INFO] running `Command { std: "docker" "start" "-a" "8719914a81fca41785f63c7928d8c6caa5b2cf18492d33f8526760d06251e0b1", kill_on_drop: false }`
[INFO] [stderr]    Compiling serde v1.0.134
[INFO] [stderr]    Compiling syn v1.0.86
[INFO] [stderr]    Compiling memchr v2.4.1
[INFO] [stderr]    Compiling serde_derive v1.0.134
[INFO] [stderr]    Compiling winapi v0.3.9
[INFO] [stderr]     Checking regex-automata v0.1.10
[INFO] [stderr]    Compiling serde_json v1.0.75
[INFO] [stderr]     Checking strable v0.1.0 (https://github.com/Isaac-Lozano/SA2-utils#a227b657)
[INFO] [stderr]     Checking edit-distance v2.1.0
[INFO] [stderr]     Checking itoa v0.4.8
[INFO] [stderr]     Checking prs_util v0.1.0 (https://github.com/Isaac-Lozano/SA2-utils#a227b657)
[INFO] [stderr]    Compiling quote v1.0.14
[INFO] [stderr]     Checking process_reader v0.1.0 (https://github.com/Isaac-Lozano/process_reader#498ccddd)
[INFO] [stdout] error[E0433]: failed to resolve: could not find `shared` in `winapi`
[INFO] [stdout]  --> /opt/rustwide/cargo-home/git/checkouts/process_reader-1a52f8ae1de56c58/498ccdd/src/lib.rs:8:13
[INFO] [stdout]   |
[INFO] [stdout] 8 | use winapi::shared::minwindef::{HMODULE, MAX_PATH};
[INFO] [stdout]   |             ^^^^^^ could not find `shared` in `winapi`
[INFO] [stdout] 
[INFO] [stdout] 
[INFO] [stdout] error[E0433]: failed to resolve: could not find `shared` in `winapi`
[INFO] [stdout]  --> /opt/rustwide/cargo-home/git/checkouts/process_reader-1a52f8ae1de56c58/498ccdd/src/lib.rs:9:13
[INFO] [stdout]   |
[INFO] [stdout] 9 | use winapi::shared::ntdef::NULL;
[INFO] [stdout]   |             ^^^^^^ could not find `shared` in `winapi`
[INFO] [stdout] 
[INFO] [stdout] 
[INFO] [stdout] error[E0432]: unresolved import `winapi::ctypes`
[INFO] [stdout]  --> /opt/rustwide/cargo-home/git/checkouts/process_reader-1a52f8ae1de56c58/498ccdd/src/lib.rs:7:13
[INFO] [stdout]   |
[INFO] [stdout] 7 | use winapi::ctypes::c_void;
[INFO] [stdout]   |             ^^^^^^ could not find `ctypes` in `winapi`
[INFO] [stdout] 
[INFO] [stdout] 
[INFO] [stdout] error[E0432]: unresolved import `winapi::um`
[INFO] [stdout]   --> /opt/rustwide/cargo-home/git/checkouts/process_reader-1a52f8ae1de56c58/498ccdd/src/lib.rs:10:13
[INFO] [stdout]    |
[INFO] [stdout] 10 | use winapi::um::memoryapi;
[INFO] [stdout]    |             ^^ could not find `um` in `winapi`
[INFO] [stdout] 
[INFO] [stdout] 
[INFO] [stdout] error[E0432]: unresolved import `winapi::um`
[INFO] [stdout]   --> /opt/rustwide/cargo-home/git/checkouts/process_reader-1a52f8ae1de56c58/498ccdd/src/lib.rs:11:13
[INFO] [stdout]    |
[INFO] [stdout] 11 | use winapi::um::processthreadsapi;
[INFO] [stdout]    |             ^^ could not find `um` in `winapi`
[INFO] [stdout] 
[INFO] [stdout] 
[INFO] [stdout] error[E0433]: failed to resolve: could not find `um` in `winapi`
[INFO] [stdout]   --> /opt/rustwide/cargo-home/git/checkouts/process_reader-1a52f8ae1de56c58/498ccdd/src/lib.rs:13:13
[INFO] [stdout]    |
[INFO] [stdout] 13 | use winapi::um::winnt::{HANDLE, PROCESS_QUERY_INFORMATION, PROCESS_VM_READ};
[INFO] [stdout]    |             ^^ could not find `um` in `winapi`
[INFO] [stdout] 
[INFO] [stdout] 
[INFO] [stdout] error[E0432]: unresolved import `winapi::um`
[INFO] [stdout]   --> /opt/rustwide/cargo-home/git/checkouts/process_reader-1a52f8ae1de56c58/498ccdd/src/lib.rs:12:13
[INFO] [stdout]    |
[INFO] [stdout] 12 | use winapi::um::psapi;
[INFO] [stdout]    |             ^^ could not find `um` in `winapi`
[INFO] [stdout] 
[INFO] [stdout] 
[INFO] [stdout] error: aborting due to 7 previous errors
[INFO] [stdout] 
[INFO] [stdout] 
[INFO] [stdout] Some errors have detailed explanations: E0432, E0433.
[INFO] [stdout] 
[INFO] [stdout] For more information about an error, try `rustc --explain E0432`.
[INFO] [stdout] 
[INFO] [stderr] error: could not compile `process_reader` (lib) due to 8 previous errors
[INFO] [stderr] warning: build failed, waiting for other jobs to finish...
[INFO] running `Command { std: "docker" "inspect" "8719914a81fca41785f63c7928d8c6caa5b2cf18492d33f8526760d06251e0b1", kill_on_drop: false }`
[INFO] running `Command { std: "docker" "rm" "-f" "8719914a81fca41785f63c7928d8c6caa5b2cf18492d33f8526760d06251e0b1", kill_on_drop: false }`
[INFO] [stdout] 8719914a81fca41785f63c7928d8c6caa5b2cf18492d33f8526760d06251e0b1
